{"id":10,"date":"2025-09-11T13:41:23","date_gmt":"2025-09-11T13:41:23","guid":{"rendered":"https:\/\/www.barbershopsello.fi\/?page_id=10"},"modified":"2025-09-11T14:36:31","modified_gmt":"2025-09-11T14:36:31","slug":"etusivu","status":"publish","type":"page","link":"https:\/\/www.barbershopsello.fi\/","title":{"rendered":"Aivan uusi huipputason parturi Kauppakeskus Sellossa!"},"content":{"rendered":"\n<p>Espoon sykkeeseen on saatu uusi hiuspalveluiden helmi! <br><strong>Kauppakeskus Sellon pikaratikka-k\u00e4yt\u00e4v\u00e4ll\u00e4, R-kioskia vastap\u00e4\u00e4t\u00e4<\/strong> on nyt avoinna t\u00e4ysin uusi parturi, joka yhdist\u00e4\u00e4 <strong>huippulaatuiset leikkaukset, trendikk\u00e4\u00e4t tyylit ja rennon ilmapiirin<\/strong>.<\/p>\n\n\n\n<p>Meill\u00e4 jokainen asiakas saa <strong>yksil\u00f6llist\u00e4 palvelua<\/strong> \u2013 olipa kyseess\u00e4 nopea siistiminen, moderni muodonmuutos tai klassinen leikkaus.<\/p>\n\n\n\n<p>Sijaintimme tekee pist\u00e4ytymisest\u00e4 helppoa \u2013 tule vaikka ostosten lomassa tai ty\u00f6p\u00e4iv\u00e4n j\u00e4lkeen.<\/p>\n\n\n\n<p>\ud83d\udc49 Astu sis\u00e4\u00e4n ja koe itse, miksi meist\u00e4 puhutaan jo nyt <strong>Sellon uutena luottoparturina<\/strong>!<\/p>\n","protected":false},"excerpt":{"rendered":"<p>Espoon sykkeeseen on saatu uusi hiuspalveluiden helmi! Kauppakeskus Sellon pikaratikka-k\u00e4yt\u00e4v\u00e4ll\u00e4, R-kioskia vastap\u00e4\u00e4t\u00e4 on nyt avoinna t\u00e4ysin uusi parturi, joka yhdist\u00e4\u00e4 huippulaatuiset leikkaukset, trendikk\u00e4\u00e4t tyylit ja rennon ilmapiirin. Meill\u00e4 jokainen asiakas saa yksil\u00f6llist\u00e4 palvelua \u2013 olipa kyseess\u00e4 nopea siistiminen, moderni muodonmuutos tai klassinen leikkaus. Sijaintimme tekee pist\u00e4ytymisest\u00e4 helppoa \u2013 tule vaikka ostosten lomassa tai ty\u00f6p\u00e4iv\u00e4n j\u00e4lkeen. &hellip; <\/p>\n<p class=\"link-more\"><a href=\"https:\/\/www.barbershopsello.fi\/\" class=\"more-link\">Jatka lukemista<span class=\"screen-reader-text\"> &#8221;Aivan uusi huipputason parturi Kauppakeskus Sellossa!&#8221;<\/span><\/a><\/p>\n","protected":false},"author":1,"featured_media":0,"parent":0,"menu_order":0,"comment_status":"closed","ping_status":"closed","template":"","meta":{"footnotes":""},"class_list":["post-10","page","type-page","status-publish","hentry"],"_links":{"self":[{"href":"https:\/\/www.barbershopsello.fi\/index.php\/wp-json\/wp\/v2\/pages\/10","targetHints":{"allow":["GET"]}}],"collection":[{"href":"https:\/\/www.barbershopsello.fi\/index.php\/wp-json\/wp\/v2\/pages"}],"about":[{"href":"https:\/\/www.barbershopsello.fi\/index.php\/wp-json\/wp\/v2\/types\/page"}],"author":[{"embeddable":true,"href":"https:\/\/www.barbershopsello.fi\/index.php\/wp-json\/wp\/v2\/users\/1"}],"replies":[{"embeddable":true,"href":"https:\/\/www.barbershopsello.fi\/index.php\/wp-json\/wp\/v2\/comments?post=10"}],"version-history":[{"count":6,"href":"https:\/\/www.barbershopsello.fi\/index.php\/wp-json\/wp\/v2\/pages\/10\/revisions"}],"predecessor-version":[{"id":69,"href":"https:\/\/www.barbershopsello.fi\/index.php\/wp-json\/wp\/v2\/pages\/10\/revisions\/69"}],"wp:attachment":[{"href":"https:\/\/www.barbershopsello.fi\/index.php\/wp-json\/wp\/v2\/media?parent=10"}],"curies":[{"name":"wp","href":"https:\/\/api.w.org\/{rel}","templated":true}]}}